{"id":1001391,"date":"2021-08-07T23:31:57","date_gmt":"2021-08-07T23:31:57","guid":{"rendered":"http:\/\/www.heimkehr-hamburg.de\/log\/?page_id=1001391"},"modified":"2021-08-07T23:31:57","modified_gmt":"2021-08-07T23:31:57","slug":"geschichte","status":"publish","type":"page","link":"http:\/\/www.heimkehr-hamburg.de\/log\/?page_id=1001391","title":{"rendered":"Geschichte"},"content":{"rendered":"\n<p><strong>Geschichte der Heimkehrs<\/strong><\/p>\n\n\n\n<p><strong>Heimkehr I<\/strong><\/p>\n\n\n\n<figure class=\"wp-block-table\"><table><tbody><tr><td>Yawl, 1908 von Berts Gro\u00dfvater auf Ostsee und Berliner Seen gesegelt. Ohne Motor, aber mit einem winzigen Beiboot mit eingebautem Motor. Name: Schleppfuchs. Schleppfuchs ist auf der ersten Ostseereise verlorengegangen.<\/td><\/tr><\/tbody><\/table><\/figure>\n\n\n\n<p><strong>Heimkehr II<\/strong><\/p>\n\n\n\n<figure class=\"wp-block-table\"><table><tbody><tr><td>Umgebaute Schute, 1928, mit Heckradantrieb, fuhr auf den Berliner Seen.<\/td><\/tr><\/tbody><\/table><\/figure>\n\n\n\n<p><strong>Heimkehr III<\/strong><\/p>\n\n\n\n<figure class=\"wp-block-table\"><table><tbody><tr><td>Binnenschiff, 1935, 34 m lang, vom Gro\u00dfvater f\u00fcr die Berliner Seen und die Ostseek\u00fcste gebaut, 1945 auf dem Djnepr gesunken.<\/td><\/tr><\/tbody><\/table><\/figure>\n\n\n\n<p><strong>Heimkehr IV<\/strong><\/p>\n\n\n\n<figure class=\"wp-block-table\"><table><tbody><tr><td>Fischkutter, 1935, mit dem Berts Vater ab 1946 von Borkum aus Krabben fischte.<\/td><\/tr><\/tbody><\/table><\/figure>\n\n\n\n<p><strong>Heimkehr V<\/strong><\/p>\n\n\n\n<figure class=\"wp-block-table\"><table><tbody><tr><td>Marine-V-Boot, 1944, hie\u00df eigentlich gar nicht Heimkehr, sondern Krebschen. Von Berts Vater umgebaut im Stil eines Maine-Lobster-Bootes.<\/td><\/tr><\/tbody><\/table><\/figure>\n\n\n\n<p><strong>Heimkehr VI<\/strong><\/p>\n\n\n\n<figure class=\"wp-block-table\"><table><tbody><tr><td>Krabbenkutter, 1959, wundersch\u00f6ner, von uns \u00fcber alles geliebter, 11 m langer, h\u00f6lzerner Krabbenkutter mit Spiegelheck und Gaffeltakelung. Seit 1970 Nord- und Ostsee besegelt. Mit Hingabe und Liebe gepflegt und gesegelt. Tochter Julia machte im 4. Lebensmonat auf ihr die erste Reise von Skagen nach Marstrand, nannte sie liebevoll &#8216;Heimi&#8217;.<\/td><\/tr><\/tbody><\/table><\/figure>\n\n\n\n<p><strong>Heimkehr VII<\/strong><\/p>\n\n\n\n<figure class=\"wp-block-table\"><table><tbody><tr><td>Motorsegler, 1985, von 1995 bis 2002 von uns umgebaut, um in die Welt zu segeln.<\/td><\/tr><\/tbody><\/table><\/figure>\n","protected":false},"excerpt":{"rendered":"<p>Geschichte der Heimkehrs Heimkehr I Yawl, 1908 von Berts Gro\u00dfvater auf Ostsee und Berliner Seen gesegelt. Ohne Motor, aber mit einem winzigen Beiboot mit eingebautem Motor. Name: Schleppfuchs. Schleppfuchs ist auf der ersten Ostseereise verlorengegangen. Heimkehr II Umgebaute Schute, 1928, mit Heckradantrieb, fuhr auf den Berliner Seen. Heimkehr III Binnenschiff, 1935, 34 m lang, vom [&hellip;]<\/p>\n","protected":false},"author":1,"featured_media":0,"parent":0,"menu_order":0,"comment_status":"closed","ping_status":"closed","template":"","meta":{"footnotes":""},"class_list":["post-1001391","page","type-page","status-publish","hentry"],"_links":{"self":[{"href":"http:\/\/www.heimkehr-hamburg.de\/log\/index.php?rest_route=\/wp\/v2\/pages\/1001391","targetHints":{"allow":["GET"]}}],"collection":[{"href":"http:\/\/www.heimkehr-hamburg.de\/log\/index.php?rest_route=\/wp\/v2\/pages"}],"about":[{"href":"http:\/\/www.heimkehr-hamburg.de\/log\/index.php?rest_route=\/wp\/v2\/types\/page"}],"author":[{"embeddable":true,"href":"http:\/\/www.heimkehr-hamburg.de\/log\/index.php?rest_route=\/wp\/v2\/users\/1"}],"replies":[{"embeddable":true,"href":"http:\/\/www.heimkehr-hamburg.de\/log\/index.php?rest_route=%2Fwp%2Fv2%2Fcomments&post=1001391"}],"version-history":[{"count":1,"href":"http:\/\/www.heimkehr-hamburg.de\/log\/index.php?rest_route=\/wp\/v2\/pages\/1001391\/revisions"}],"predecessor-version":[{"id":1001392,"href":"http:\/\/www.heimkehr-hamburg.de\/log\/index.php?rest_route=\/wp\/v2\/pages\/1001391\/revisions\/1001392"}],"wp:attachment":[{"href":"http:\/\/www.heimkehr-hamburg.de\/log\/index.php?rest_route=%2Fwp%2Fv2%2Fmedia&parent=1001391"}],"curies":[{"name":"wp","href":"https:\/\/api.w.org\/{rel}","templated":true}]}}